{"id":997,"date":"2022-05-31T08:14:14","date_gmt":"2022-05-31T08:14:14","guid":{"rendered":"https:\/\/canalagrariolapalma.com\/aula\/?post_type=tribe_events&#038;p=997"},"modified":"2022-05-31T08:14:14","modified_gmt":"2022-05-31T08:14:14","slug":"implantacion-del-cultivo-de-aguacate","status":"publish","type":"tribe_events","link":"https:\/\/canalagrariolapalma.com\/aula\/curso\/implantacion-del-cultivo-de-aguacate\/","title":{"rendered":"Implantaci\u00f3n del cultivo de aguacate"},"content":{"rendered":"<p>Fecha: jueves 16 de junio de 2022<br \/>\nHora: de 17 a 20 horas<br \/>\nLugar: Agencia de Extensi\u00f3n Agraria de Bre\u00f1a Alta<\/p>\n<p>Plazas limitadas, 25 personas<br \/>\nTel\u00e9fono: 922 423 100 ext 6855<\/p>\n<p>Imparte: Andr\u00e9s Rodr\u00edguez Batista<\/p>\n<p>&nbsp;<\/p>\n<a  itemprop=\"url\" href=\"https:\/\/docs.google.com\/forms\/d\/e\/1FAIpQLSeLJtbf43rMsN8RFMjE69e1oHVQcYggKiq-fy6dnQV9GEpKfQ\/viewform\" target=\"_blank\"  class=\"qbutton  default\" style=\"\">INSCRIPCI\u00d3N<\/a>\n","protected":false},"excerpt":{"rendered":"<p>Fecha: jueves 16 de junio de 2022 Hora: de 17 a 20 horas Lugar: Agencia de Extensi\u00f3n Agraria de Bre\u00f1a Alta Plazas limitadas, 25 personas Tel\u00e9fono: 922 423 100 ext 6855 Imparte: Andr\u00e9s Rodr\u00edguez Batista &nbsp;<\/p>\n","protected":false},"author":1,"featured_media":998,"comment_status":"open","ping_status":"closed","template":"","meta":{"_tribe_events_status":"","_tribe_events_status_reason":""},"tags":[22],"tribe_events_cat":[11],"yoast_head":"<!-- This site is optimized with the Yoast SEO plugin v23.5 - https:\/\/yoast.com\/wordpress\/plugins\/seo\/ -->\n<title>Implantaci\u00f3n del cultivo de aguacate - Aula Agraria Cabildo de La Palma<\/title>\n<meta name=\"description\" content=\"Jueves 16 de junio de 2022, de 17 a 20 horas en la Agencia de Extensi\u00f3n Agraria de Bre\u00f1a Alta, curso implantaci\u00f3n aguacate\" \/>\n<meta name=\"robots\" content=\"index, follow, max-snippet:-1, max-image-preview:large, max-video-preview:-1\" \/>\n<link rel=\"canonical\" href=\"https:\/\/canalagrariolapalma.com\/aula\/curso\/implantacion-del-cultivo-de-aguacate\/\" \/>\n<meta property=\"og:locale\" content=\"es_ES\" \/>\n<meta property=\"og:type\" content=\"article\" \/>\n<meta property=\"og:title\" content=\"Implantaci\u00f3n del cultivo de aguacate - Aula Agraria Cabildo de La Palma\" \/>\n<meta property=\"og:description\" content=\"Jueves 16 de junio de 2022, de 17 a 20 horas en la Agencia de Extensi\u00f3n Agraria de Bre\u00f1a Alta, curso implantaci\u00f3n aguacate\" \/>\n<meta property=\"og:url\" content=\"https:\/\/canalagrariolapalma.com\/aula\/curso\/implantacion-del-cultivo-de-aguacate\/\" \/>\n<meta property=\"og:site_name\" content=\"Aula Agraria Cabildo de La Palma\" \/>\n<meta property=\"og:image\" content=\"https:\/\/canalagrariolapalma.com\/aula\/wp-content\/uploads\/2022\/05\/implantacion-cultivo-aguacate.jpg\" \/>\n\t<meta property=\"og:image:width\" content=\"1000\" \/>\n\t<meta property=\"og:image:height\" content=\"1415\" \/>\n\t<meta property=\"og:image:type\" content=\"image\/jpeg\" \/>\n<meta name=\"twitter:card\" content=\"summary_large_image\" \/>\n<script type=\"application\/ld+json\" class=\"yoast-schema-graph\">{\"@context\":\"https:\/\/schema.org\",\"@graph\":[{\"@type\":\"WebPage\",\"@id\":\"https:\/\/canalagrariolapalma.com\/aula\/curso\/implantacion-del-cultivo-de-aguacate\/\",\"url\":\"https:\/\/canalagrariolapalma.com\/aula\/curso\/implantacion-del-cultivo-de-aguacate\/\",\"name\":\"Implantaci\u00f3n del cultivo de aguacate - Aula Agraria Cabildo de La Palma\",\"isPartOf\":{\"@id\":\"https:\/\/canalagrariolapalma.com\/aula\/#website\"},\"primaryImageOfPage\":{\"@id\":\"https:\/\/canalagrariolapalma.com\/aula\/curso\/implantacion-del-cultivo-de-aguacate\/#primaryimage\"},\"image\":{\"@id\":\"https:\/\/canalagrariolapalma.com\/aula\/curso\/implantacion-del-cultivo-de-aguacate\/#primaryimage\"},\"thumbnailUrl\":\"https:\/\/canalagrariolapalma.com\/aula\/wp-content\/uploads\/2022\/05\/implantacion-cultivo-aguacate.jpg\",\"datePublished\":\"2022-05-31T08:14:14+00:00\",\"dateModified\":\"2022-05-31T08:14:14+00:00\",\"description\":\"Jueves 16 de junio de 2022, de 17 a 20 horas en la Agencia de Extensi\u00f3n Agraria de Bre\u00f1a Alta, curso implantaci\u00f3n aguacate\",\"breadcrumb\":{\"@id\":\"https:\/\/canalagrariolapalma.com\/aula\/curso\/implantacion-del-cultivo-de-aguacate\/#breadcrumb\"},\"inLanguage\":\"es\",\"potentialAction\":[{\"@type\":\"ReadAction\",\"target\":[\"https:\/\/canalagrariolapalma.com\/aula\/curso\/implantacion-del-cultivo-de-aguacate\/\"]}]},{\"@type\":\"ImageObject\",\"inLanguage\":\"es\",\"@id\":\"https:\/\/canalagrariolapalma.com\/aula\/curso\/implantacion-del-cultivo-de-aguacate\/#primaryimage\",\"url\":\"https:\/\/canalagrariolapalma.com\/aula\/wp-content\/uploads\/2022\/05\/implantacion-cultivo-aguacate.jpg\",\"contentUrl\":\"https:\/\/canalagrariolapalma.com\/aula\/wp-content\/uploads\/2022\/05\/implantacion-cultivo-aguacate.jpg\",\"width\":1000,\"height\":1415},{\"@type\":\"BreadcrumbList\",\"@id\":\"https:\/\/canalagrariolapalma.com\/aula\/curso\/implantacion-del-cultivo-de-aguacate\/#breadcrumb\",\"itemListElement\":[{\"@type\":\"ListItem\",\"position\":1,\"name\":\"Portada\",\"item\":\"https:\/\/canalagrariolapalma.com\/aula\/\"},{\"@type\":\"ListItem\",\"position\":2,\"name\":\"Eventos\",\"item\":\"https:\/\/canalagrariolapalma.com\/aula\/cursos\/\"},{\"@type\":\"ListItem\",\"position\":3,\"name\":\"Implantaci\u00f3n del cultivo de aguacate\"}]},{\"@type\":\"WebSite\",\"@id\":\"https:\/\/canalagrariolapalma.com\/aula\/#website\",\"url\":\"https:\/\/canalagrariolapalma.com\/aula\/\",\"name\":\"Aula Agraria Cabildo de La Palma\",\"description\":\"Cursos profesionales homologados. Consejer\u00eda de Agricultura, Ganader\u00eda y Pesca del Cabildo de La Palma\",\"publisher\":{\"@id\":\"https:\/\/canalagrariolapalma.com\/aula\/#organization\"},\"potentialAction\":[{\"@type\":\"SearchAction\",\"target\":{\"@type\":\"EntryPoint\",\"urlTemplate\":\"https:\/\/canalagrariolapalma.com\/aula\/?s={search_term_string}\"},\"query-input\":{\"@type\":\"PropertyValueSpecification\",\"valueRequired\":true,\"valueName\":\"search_term_string\"}}],\"inLanguage\":\"es\"},{\"@type\":\"Organization\",\"@id\":\"https:\/\/canalagrariolapalma.com\/aula\/#organization\",\"name\":\"Aula Agraria Cabildo de La Palma\",\"url\":\"https:\/\/canalagrariolapalma.com\/aula\/\",\"logo\":{\"@type\":\"ImageObject\",\"inLanguage\":\"es\",\"@id\":\"https:\/\/canalagrariolapalma.com\/aula\/#\/schema\/logo\/image\/\",\"url\":\"https:\/\/canalagrariolapalma.com\/aula\/wp-content\/uploads\/2021\/01\/CABILDO-CONSEJERIA-AGRICULTURA.png\",\"contentUrl\":\"https:\/\/canalagrariolapalma.com\/aula\/wp-content\/uploads\/2021\/01\/CABILDO-CONSEJERIA-AGRICULTURA.png\",\"width\":320,\"height\":172,\"caption\":\"Aula Agraria Cabildo de La Palma\"},\"image\":{\"@id\":\"https:\/\/canalagrariolapalma.com\/aula\/#\/schema\/logo\/image\/\"}}]}<\/script>\n<!-- \/ Yoast SEO plugin. -->","yoast_head_json":{"title":"Implantaci\u00f3n del cultivo de aguacate - Aula Agraria Cabildo de La Palma","description":"Jueves 16 de junio de 2022, de 17 a 20 horas en la Agencia de Extensi\u00f3n Agraria de Bre\u00f1a Alta, curso implantaci\u00f3n aguacate","robots":{"index":"index","follow":"follow","max-snippet":"max-snippet:-1","max-image-preview":"max-image-preview:large","max-video-preview":"max-video-preview:-1"},"canonical":"https:\/\/canalagrariolapalma.com\/aula\/curso\/implantacion-del-cultivo-de-aguacate\/","og_locale":"es_ES","og_type":"article","og_title":"Implantaci\u00f3n del cultivo de aguacate - Aula Agraria Cabildo de La Palma","og_description":"Jueves 16 de junio de 2022, de 17 a 20 horas en la Agencia de Extensi\u00f3n Agraria de Bre\u00f1a Alta, curso implantaci\u00f3n aguacate","og_url":"https:\/\/canalagrariolapalma.com\/aula\/curso\/implantacion-del-cultivo-de-aguacate\/","og_site_name":"Aula Agraria Cabildo de La Palma","og_image":[{"width":1000,"height":1415,"url":"https:\/\/canalagrariolapalma.com\/aula\/wp-content\/uploads\/2022\/05\/implantacion-cultivo-aguacate.jpg","type":"image\/jpeg"}],"twitter_card":"summary_large_image","schema":{"@context":"https:\/\/schema.org","@graph":[{"@type":"WebPage","@id":"https:\/\/canalagrariolapalma.com\/aula\/curso\/implantacion-del-cultivo-de-aguacate\/","url":"https:\/\/canalagrariolapalma.com\/aula\/curso\/implantacion-del-cultivo-de-aguacate\/","name":"Implantaci\u00f3n del cultivo de aguacate - Aula Agraria Cabildo de La Palma","isPartOf":{"@id":"https:\/\/canalagrariolapalma.com\/aula\/#website"},"primaryImageOfPage":{"@id":"https:\/\/canalagrariolapalma.com\/aula\/curso\/implantacion-del-cultivo-de-aguacate\/#primaryimage"},"image":{"@id":"https:\/\/canalagrariolapalma.com\/aula\/curso\/implantacion-del-cultivo-de-aguacate\/#primaryimage"},"thumbnailUrl":"https:\/\/canalagrariolapalma.com\/aula\/wp-content\/uploads\/2022\/05\/implantacion-cultivo-aguacate.jpg","datePublished":"2022-05-31T08:14:14+00:00","dateModified":"2022-05-31T08:14:14+00:00","description":"Jueves 16 de junio de 2022, de 17 a 20 horas en la Agencia de Extensi\u00f3n Agraria de Bre\u00f1a Alta, curso implantaci\u00f3n aguacate","breadcrumb":{"@id":"https:\/\/canalagrariolapalma.com\/aula\/curso\/implantacion-del-cultivo-de-aguacate\/#breadcrumb"},"inLanguage":"es","potentialAction":[{"@type":"ReadAction","target":["https:\/\/canalagrariolapalma.com\/aula\/curso\/implantacion-del-cultivo-de-aguacate\/"]}]},{"@type":"ImageObject","inLanguage":"es","@id":"https:\/\/canalagrariolapalma.com\/aula\/curso\/implantacion-del-cultivo-de-aguacate\/#primaryimage","url":"https:\/\/canalagrariolapalma.com\/aula\/wp-content\/uploads\/2022\/05\/implantacion-cultivo-aguacate.jpg","contentUrl":"https:\/\/canalagrariolapalma.com\/aula\/wp-content\/uploads\/2022\/05\/implantacion-cultivo-aguacate.jpg","width":1000,"height":1415},{"@type":"BreadcrumbList","@id":"https:\/\/canalagrariolapalma.com\/aula\/curso\/implantacion-del-cultivo-de-aguacate\/#breadcrumb","itemListElement":[{"@type":"ListItem","position":1,"name":"Portada","item":"https:\/\/canalagrariolapalma.com\/aula\/"},{"@type":"ListItem","position":2,"name":"Eventos","item":"https:\/\/canalagrariolapalma.com\/aula\/cursos\/"},{"@type":"ListItem","position":3,"name":"Implantaci\u00f3n del cultivo de aguacate"}]},{"@type":"WebSite","@id":"https:\/\/canalagrariolapalma.com\/aula\/#website","url":"https:\/\/canalagrariolapalma.com\/aula\/","name":"Aula Agraria Cabildo de La Palma","description":"Cursos profesionales homologados. Consejer\u00eda de Agricultura, Ganader\u00eda y Pesca del Cabildo de La Palma","publisher":{"@id":"https:\/\/canalagrariolapalma.com\/aula\/#organization"},"potentialAction":[{"@type":"SearchAction","target":{"@type":"EntryPoint","urlTemplate":"https:\/\/canalagrariolapalma.com\/aula\/?s={search_term_string}"},"query-input":{"@type":"PropertyValueSpecification","valueRequired":true,"valueName":"search_term_string"}}],"inLanguage":"es"},{"@type":"Organization","@id":"https:\/\/canalagrariolapalma.com\/aula\/#organization","name":"Aula Agraria Cabildo de La Palma","url":"https:\/\/canalagrariolapalma.com\/aula\/","logo":{"@type":"ImageObject","inLanguage":"es","@id":"https:\/\/canalagrariolapalma.com\/aula\/#\/schema\/logo\/image\/","url":"https:\/\/canalagrariolapalma.com\/aula\/wp-content\/uploads\/2021\/01\/CABILDO-CONSEJERIA-AGRICULTURA.png","contentUrl":"https:\/\/canalagrariolapalma.com\/aula\/wp-content\/uploads\/2021\/01\/CABILDO-CONSEJERIA-AGRICULTURA.png","width":320,"height":172,"caption":"Aula Agraria Cabildo de La Palma"},"image":{"@id":"https:\/\/canalagrariolapalma.com\/aula\/#\/schema\/logo\/image\/"}}]}},"_links":{"self":[{"href":"https:\/\/canalagrariolapalma.com\/aula\/wp-json\/wp\/v2\/tribe_events\/997"}],"collection":[{"href":"https:\/\/canalagrariolapalma.com\/aula\/wp-json\/wp\/v2\/tribe_events"}],"about":[{"href":"https:\/\/canalagrariolapalma.com\/aula\/wp-json\/wp\/v2\/types\/tribe_events"}],"author":[{"embeddable":true,"href":"https:\/\/canalagrariolapalma.com\/aula\/wp-json\/wp\/v2\/users\/1"}],"replies":[{"embeddable":true,"href":"https:\/\/canalagrariolapalma.com\/aula\/wp-json\/wp\/v2\/comments?post=997"}],"version-history":[{"count":1,"href":"https:\/\/canalagrariolapalma.com\/aula\/wp-json\/wp\/v2\/tribe_events\/997\/revisions"}],"predecessor-version":[{"id":1000,"href":"https:\/\/canalagrariolapalma.com\/aula\/wp-json\/wp\/v2\/tribe_events\/997\/revisions\/1000"}],"wp:featuredmedia":[{"embeddable":true,"href":"https:\/\/canalagrariolapalma.com\/aula\/wp-json\/wp\/v2\/media\/998"}],"wp:attachment":[{"href":"https:\/\/canalagrariolapalma.com\/aula\/wp-json\/wp\/v2\/media?parent=997"}],"wp:term":[{"taxonomy":"post_tag","embeddable":true,"href":"https:\/\/canalagrariolapalma.com\/aula\/wp-json\/wp\/v2\/tags?post=997"},{"taxonomy":"tribe_events_cat","embeddable":true,"href":"https:\/\/canalagrariolapalma.com\/aula\/wp-json\/wp\/v2\/tribe_events_cat?post=997"}],"curies":[{"name":"wp","href":"https:\/\/api.w.org\/{rel}","templated":true}]}}

Implantación del cultivo de aguacate

<p>Fecha: jueves 16 de junio de 2022<br />
Hora: de 17 a 20 horas<br />
Lugar: Agencia de Extensión Agraria de Breña Alta</p>
<p>Plazas limitadas, 25 personas<br />
Teléfono: 922 423 100 ext 6855</p>
<p>Imparte: Andrés Rodríguez Batista</p>
<p>&nbsp;</p>
<a  itemprop="url" href="https://docs.google.com/forms/d/e/1FAIpQLSeLJtbf43rMsN8RFMjE69e1oHVQcYggKiq-fy6dnQV9GEpKfQ/viewform" target="_blank"  class="qbutton  default" style="">INSCRIPCIÓN</a>

<p>Fecha: jueves 16 de junio de 2022 Hora: de 17 a 20 horas Lugar: Agencia de Extensión Agraria de Breña Alta Plazas limitadas, 25 personas Teléfono: 922 423 100 ext 6855 Imparte: Andrés Rodríguez Batista &nbsp;</p>

<!-- This site is optimized with the Yoast SEO plugin v23.5 - https://yoast.com/wordpress/plugins/seo/ -->
<title>Implantación del cultivo de aguacate - Aula Agraria Cabildo de La Palma</title>
<meta name="description" content="Jueves 16 de junio de 2022, de 17 a 20 horas en la Agencia de Extensión Agraria de Breña Alta, curso implantación aguacate" />
<meta name="robots" content="index, follow, max-snippet:-1, max-image-preview:large, max-video-preview:-1" />
<link rel="canonical" href="https://canalagrariolapalma.com/aula/curso/implantacion-del-cultivo-de-aguacate/" />
<meta property="og:locale" content="es_ES" />
<meta property="og:type" content="article" />
<meta property="og:title" content="Implantación del cultivo de aguacate - Aula Agraria Cabildo de La Palma" />
<meta property="og:description" content="Jueves 16 de junio de 2022, de 17 a 20 horas en la Agencia de Extensión Agraria de Breña Alta, curso implantación aguacate" />
<meta property="og:url" content="https://canalagrariolapalma.com/aula/curso/implantacion-del-cultivo-de-aguacate/" />
<meta property="og:site_name" content="Aula Agraria Cabildo de La Palma" />
<meta property="og:image" content="https://canalagrariolapalma.com/aula/wp-content/uploads/2022/05/implantacion-cultivo-aguacate.jpg" />
	<meta property="og:image:width" content="1000" />
	<meta property="og:image:height" content="1415" />
	<meta property="og:image:type" content="image/jpeg" />
<meta name="twitter:card" content="summary_large_image" />
<script type="application/ld+json" class="yoast-schema-graph">{"@context":"https://schema.org","@graph":[{"@type":"WebPage","@id":"https://canalagrariolapalma.com/aula/curso/implantacion-del-cultivo-de-aguacate/","url":"https://canalagrariolapalma.com/aula/curso/implantacion-del-cultivo-de-aguacate/","name":"Implantación del cultivo de aguacate - Aula Agraria Cabildo de La Palma","isPartOf":{"@id":"https://canalagrariolapalma.com/aula/#website"},"primaryImageOfPage":{"@id":"https://canalagrariolapalma.com/aula/curso/implantacion-del-cultivo-de-aguacate/#primaryimage"},"image":{"@id":"https://canalagrariolapalma.com/aula/curso/implantacion-del-cultivo-de-aguacate/#primaryimage"},"thumbnailUrl":"https://canalagrariolapalma.com/aula/wp-content/uploads/2022/05/implantacion-cultivo-aguacate.jpg","datePublished":"2022-05-31T08:14:14+00:00","dateModified":"2022-05-31T08:14:14+00:00","description":"Jueves 16 de junio de 2022, de 17 a 20 horas en la Agencia de Extensión Agraria de Breña Alta, curso implantación aguacate","breadcrumb":{"@id":"https://canalagrariolapalma.com/aula/curso/implantacion-del-cultivo-de-aguacate/#breadcrumb"},"inLanguage":"es","potentialAction":[{"@type":"ReadAction","target":["https://canalagrariolapalma.com/aula/curso/implantacion-del-cultivo-de-aguacate/"]}]},{"@type":"ImageObject","inLanguage":"es","@id":"https://canalagrariolapalma.com/aula/curso/implantacion-del-cultivo-de-aguacate/#primaryimage","url":"https://canalagrariolapalma.com/aula/wp-content/uploads/2022/05/implantacion-cultivo-aguacate.jpg","contentUrl":"https://canalagrariolapalma.com/aula/wp-content/uploads/2022/05/implantacion-cultivo-aguacate.jpg","width":1000,"height":1415},{"@type":"BreadcrumbList","@id":"https://canalagrariolapalma.com/aula/curso/implantacion-del-cultivo-de-aguacate/#breadcrumb","itemListElement":[{"@type":"ListItem","position":1,"name":"Portada","item":"https://canalagrariolapalma.com/aula/"},{"@type":"ListItem","position":2,"name":"Eventos","item":"https://canalagrariolapalma.com/aula/cursos/"},{"@type":"ListItem","position":3,"name":"Implantación del cultivo de aguacate"}]},{"@type":"WebSite","@id":"https://canalagrariolapalma.com/aula/#website","url":"https://canalagrariolapalma.com/aula/","name":"Aula Agraria Cabildo de La Palma","description":"Cursos profesionales homologados. Consejería de Agricultura, Ganadería y Pesca del Cabildo de La Palma","publisher":{"@id":"https://canalagrariolapalma.com/aula/#organization"},"potentialAction":[{"@type":"SearchAction","target":{"@type":"EntryPoint","urlTemplate":"https://canalagrariolapalma.com/aula/?s={search_term_string}"},"query-input":{"@type":"PropertyValueSpecification","valueRequired":true,"valueName":"search_term_string"}}],"inLanguage":"es"},{"@type":"Organization","@id":"https://canalagrariolapalma.com/aula/#organization","name":"Aula Agraria Cabildo de La Palma","url":"https://canalagrariolapalma.com/aula/","logo":{"@type":"ImageObject","inLanguage":"es","@id":"https://canalagrariolapalma.com/aula/#/schema/logo/image/","url":"https://canalagrariolapalma.com/aula/wp-content/uploads/2021/01/CABILDO-CONSEJERIA-AGRICULTURA.png","contentUrl":"https://canalagrariolapalma.com/aula/wp-content/uploads/2021/01/CABILDO-CONSEJERIA-AGRICULTURA.png","width":320,"height":172,"caption":"Aula Agraria Cabildo de La Palma"},"image":{"@id":"https://canalagrariolapalma.com/aula/#/schema/logo/image/"}}]}</script>
<!-- / Yoast SEO plugin. -->

Implantación del cultivo de aguacate - Aula Agraria Cabildo de La Palma

Jueves 16 de junio de 2022, de 17 a 20 horas en la Agencia de Extensión Agraria de Breña Alta, curso implantación aguacate

Cursos profesionales homologados. Consejería de Agricultura, Ganadería y Pesca del Cabildo de La Palma
