{"id":1359,"date":"2024-12-11T12:41:47","date_gmt":"2024-12-11T12:41:47","guid":{"rendered":"https:\/\/canalagrariolapalma.com\/aula\/?post_type=tribe_events&#038;p=1359"},"modified":"2024-12-11T14:55:34","modified_gmt":"2024-12-11T14:55:34","slug":"jornada-sobre-el-olivo","status":"publish","type":"tribe_events","link":"https:\/\/canalagrariolapalma.com\/aula\/curso\/jornada-sobre-el-olivo\/","title":{"rendered":"Jornada sobre El Olivo"},"content":{"rendered":"<p>Conoce m\u00e1s sobre el cultivo del olivo en Canarias en una charla informativa que abordar\u00e1 aspectos clave del calendario del olivo y la producci\u00f3n de aceite.<\/p>\n<p><strong>Fecha:<\/strong> 16 de diciembre de 2024<br \/>\n<strong>Hora:<\/strong> De 18:00 a 20:30<br \/>\n<strong>Lugar:<\/strong> Escuela de Capacitaci\u00f3n Agraria de Los Llanos de Aridane<\/p>\n<p><strong>Intervienen:<\/strong><\/p>\n<ul>\n<li><strong>Juan Carlos Gonz\u00e1lez<\/strong>\n<ul>\n<li>Presidente de OLIPALMA<\/li>\n<li>Miembro directivo de ASOLICA<\/li>\n<li>Maestro de almazara<\/li>\n<li>Representante de Todolivo en Canarias<\/li>\n<li>Olivicultor<\/li>\n<\/ul>\n<\/li>\n<\/ul>\n<p><strong>Tanaira Rodr\u00edguez<\/strong><\/p>\n<ul>\n<li>Oleot\u00e9cnica<\/li>\n<li>Maestra de almazara<\/li>\n<li>Miembro directivo de ASOTEN<\/li>\n<li>Catadora<\/li>\n<\/ul>\n<p><strong>Tema a tratar:<\/strong><\/p>\n<ul>\n<li>\u00bfQu\u00e9 es OLIPALMA?<\/li>\n<li>\u00bfQu\u00e9 es ASOLICA?<\/li>\n<li>Fincas experimentales<\/li>\n<li>Desarrollo del calendario del cultivo del olivo<\/li>\n<\/ul>\n<p><strong>Actividad especial:<\/strong><\/p>\n<p>&nbsp;<\/p>\n<p>Cata de aceites monovarietales de Todolivo y multivarietales de OLIPALMA.<\/p>\n<p><strong>PLAZAS LIMITADAS.<\/strong><\/p>\n<p><strong>Inscripciones:<\/strong> Realiza tu <strong><a href=\"https:\/\/form.jotform.com\/243453568734364\" target=\"_blank\" rel=\"noopener\">inscripci\u00f3n<\/a><\/strong>.<\/p>\n<p><strong>Colaboran:<\/strong><\/p>\n<ul>\n<li>Excmo. Cabildo Insular de La Palma<\/li>\n<li>Escuela de Capacitaci\u00f3n Agraria de Los Llanos de Aridane<\/li>\n<\/ul>\n<p>\u00a1Te esperamos para compartir este espacio de aprendizaje y degustaci\u00f3n!<\/p>\n<p>&nbsp;<\/p>\n<p>&nbsp;<\/p>\n","protected":false},"excerpt":{"rendered":"<p>Charla informativa que abordar\u00e1 aspectos clave del calendario del olivo y la producci\u00f3n de aceite<\/p>\n","protected":false},"author":3,"featured_media":1360,"comment_status":"open","ping_status":"closed","template":"","meta":{"_tribe_events_status":"","_tribe_events_status_reason":""},"tags":[],"tribe_events_cat":[45],"yoast_head":"<!-- This site is optimized with the Yoast SEO plugin v23.5 - https:\/\/yoast.com\/wordpress\/plugins\/seo\/ -->\n<title>Jornada sobre El Olivo - Aula Agraria Cabildo de La Palma<\/title>\n<meta name=\"robots\" content=\"index, follow, max-snippet:-1, max-image-preview:large, max-video-preview:-1\" \/>\n<link rel=\"canonical\" href=\"https:\/\/canalagrariolapalma.com\/aula\/curso\/jornada-sobre-el-olivo\/\" \/>\n<meta property=\"og:locale\" content=\"es_ES\" \/>\n<meta property=\"og:type\" content=\"article\" \/>\n<meta property=\"og:title\" content=\"Jornada sobre El Olivo\" \/>\n<meta property=\"og:description\" content=\"Charla informativa que abordar\u00e1 aspectos clave del calendario del olivo y la producci\u00f3n de aceite\" \/>\n<meta property=\"og:url\" content=\"https:\/\/canalagrariolapalma.com\/aula\/curso\/jornada-sobre-el-olivo\/\" \/>\n<meta property=\"og:site_name\" content=\"Aula Agraria Cabildo de La Palma\" \/>\n<meta property=\"article:modified_time\" content=\"2024-12-11T14:55:34+00:00\" \/>\n<meta property=\"og:image\" content=\"https:\/\/canalagrariolapalma.com\/aula\/wp-content\/uploads\/2024\/12\/Jornadas-sobre-el-Olivo.jpg\" \/>\n\t<meta property=\"og:image:width\" content=\"1222\" \/>\n\t<meta property=\"og:image:height\" content=\"1740\" \/>\n\t<meta property=\"og:image:type\" content=\"image\/jpeg\" \/>\n<meta name=\"twitter:card\" content=\"summary_large_image\" \/>\n<meta name=\"twitter:label1\" content=\"Tiempo de lectura\" \/>\n\t<meta name=\"twitter:data1\" content=\"1 minuto\" \/>\n<script type=\"application\/ld+json\" class=\"yoast-schema-graph\">{\"@context\":\"https:\/\/schema.org\",\"@graph\":[{\"@type\":\"WebPage\",\"@id\":\"https:\/\/canalagrariolapalma.com\/aula\/curso\/jornada-sobre-el-olivo\/\",\"url\":\"https:\/\/canalagrariolapalma.com\/aula\/curso\/jornada-sobre-el-olivo\/\",\"name\":\"Jornada sobre El Olivo - Aula Agraria Cabildo de La Palma\",\"isPartOf\":{\"@id\":\"https:\/\/canalagrariolapalma.com\/aula\/#website\"},\"primaryImageOfPage\":{\"@id\":\"https:\/\/canalagrariolapalma.com\/aula\/curso\/jornada-sobre-el-olivo\/#primaryimage\"},\"image\":{\"@id\":\"https:\/\/canalagrariolapalma.com\/aula\/curso\/jornada-sobre-el-olivo\/#primaryimage\"},\"thumbnailUrl\":\"https:\/\/canalagrariolapalma.com\/aula\/wp-content\/uploads\/2024\/12\/Jornadas-sobre-el-Olivo.jpg\",\"datePublished\":\"2024-12-11T12:41:47+00:00\",\"dateModified\":\"2024-12-11T14:55:34+00:00\",\"breadcrumb\":{\"@id\":\"https:\/\/canalagrariolapalma.com\/aula\/curso\/jornada-sobre-el-olivo\/#breadcrumb\"},\"inLanguage\":\"es\",\"potentialAction\":[{\"@type\":\"ReadAction\",\"target\":[\"https:\/\/canalagrariolapalma.com\/aula\/curso\/jornada-sobre-el-olivo\/\"]}]},{\"@type\":\"ImageObject\",\"inLanguage\":\"es\",\"@id\":\"https:\/\/canalagrariolapalma.com\/aula\/curso\/jornada-sobre-el-olivo\/#primaryimage\",\"url\":\"https:\/\/canalagrariolapalma.com\/aula\/wp-content\/uploads\/2024\/12\/Jornadas-sobre-el-Olivo.jpg\",\"contentUrl\":\"https:\/\/canalagrariolapalma.com\/aula\/wp-content\/uploads\/2024\/12\/Jornadas-sobre-el-Olivo.jpg\",\"width\":1222,\"height\":1740},{\"@type\":\"BreadcrumbList\",\"@id\":\"https:\/\/canalagrariolapalma.com\/aula\/curso\/jornada-sobre-el-olivo\/#breadcrumb\",\"itemListElement\":[{\"@type\":\"ListItem\",\"position\":1,\"name\":\"Portada\",\"item\":\"https:\/\/canalagrariolapalma.com\/aula\/\"},{\"@type\":\"ListItem\",\"position\":2,\"name\":\"Eventos\",\"item\":\"https:\/\/canalagrariolapalma.com\/aula\/cursos\/\"},{\"@type\":\"ListItem\",\"position\":3,\"name\":\"Jornada sobre El Olivo\"}]},{\"@type\":\"WebSite\",\"@id\":\"https:\/\/canalagrariolapalma.com\/aula\/#website\",\"url\":\"https:\/\/canalagrariolapalma.com\/aula\/\",\"name\":\"Aula Agraria Cabildo de La Palma\",\"description\":\"Cursos profesionales homologados. Consejer\u00eda de Agricultura, Ganader\u00eda y Pesca del Cabildo de La Palma\",\"publisher\":{\"@id\":\"https:\/\/canalagrariolapalma.com\/aula\/#organization\"},\"potentialAction\":[{\"@type\":\"SearchAction\",\"target\":{\"@type\":\"EntryPoint\",\"urlTemplate\":\"https:\/\/canalagrariolapalma.com\/aula\/?s={search_term_string}\"},\"query-input\":{\"@type\":\"PropertyValueSpecification\",\"valueRequired\":true,\"valueName\":\"search_term_string\"}}],\"inLanguage\":\"es\"},{\"@type\":\"Organization\",\"@id\":\"https:\/\/canalagrariolapalma.com\/aula\/#organization\",\"name\":\"Aula Agraria Cabildo de La Palma\",\"url\":\"https:\/\/canalagrariolapalma.com\/aula\/\",\"logo\":{\"@type\":\"ImageObject\",\"inLanguage\":\"es\",\"@id\":\"https:\/\/canalagrariolapalma.com\/aula\/#\/schema\/logo\/image\/\",\"url\":\"https:\/\/canalagrariolapalma.com\/aula\/wp-content\/uploads\/2021\/01\/CABILDO-CONSEJERIA-AGRICULTURA.png\",\"contentUrl\":\"https:\/\/canalagrariolapalma.com\/aula\/wp-content\/uploads\/2021\/01\/CABILDO-CONSEJERIA-AGRICULTURA.png\",\"width\":320,\"height\":172,\"caption\":\"Aula Agraria Cabildo de La Palma\"},\"image\":{\"@id\":\"https:\/\/canalagrariolapalma.com\/aula\/#\/schema\/logo\/image\/\"}}]}<\/script>\n<!-- \/ Yoast SEO plugin. -->","yoast_head_json":{"title":"Jornada sobre El Olivo - Aula Agraria Cabildo de La Palma","robots":{"index":"index","follow":"follow","max-snippet":"max-snippet:-1","max-image-preview":"max-image-preview:large","max-video-preview":"max-video-preview:-1"},"canonical":"https:\/\/canalagrariolapalma.com\/aula\/curso\/jornada-sobre-el-olivo\/","og_locale":"es_ES","og_type":"article","og_title":"Jornada sobre El Olivo","og_description":"Charla informativa que abordar\u00e1 aspectos clave del calendario del olivo y la producci\u00f3n de aceite","og_url":"https:\/\/canalagrariolapalma.com\/aula\/curso\/jornada-sobre-el-olivo\/","og_site_name":"Aula Agraria Cabildo de La Palma","article_modified_time":"2024-12-11T14:55:34+00:00","og_image":[{"width":1222,"height":1740,"url":"https:\/\/canalagrariolapalma.com\/aula\/wp-content\/uploads\/2024\/12\/Jornadas-sobre-el-Olivo.jpg","type":"image\/jpeg"}],"twitter_card":"summary_large_image","twitter_misc":{"Tiempo de lectura":"1 minuto"},"schema":{"@context":"https:\/\/schema.org","@graph":[{"@type":"WebPage","@id":"https:\/\/canalagrariolapalma.com\/aula\/curso\/jornada-sobre-el-olivo\/","url":"https:\/\/canalagrariolapalma.com\/aula\/curso\/jornada-sobre-el-olivo\/","name":"Jornada sobre El Olivo - Aula Agraria Cabildo de La Palma","isPartOf":{"@id":"https:\/\/canalagrariolapalma.com\/aula\/#website"},"primaryImageOfPage":{"@id":"https:\/\/canalagrariolapalma.com\/aula\/curso\/jornada-sobre-el-olivo\/#primaryimage"},"image":{"@id":"https:\/\/canalagrariolapalma.com\/aula\/curso\/jornada-sobre-el-olivo\/#primaryimage"},"thumbnailUrl":"https:\/\/canalagrariolapalma.com\/aula\/wp-content\/uploads\/2024\/12\/Jornadas-sobre-el-Olivo.jpg","datePublished":"2024-12-11T12:41:47+00:00","dateModified":"2024-12-11T14:55:34+00:00","breadcrumb":{"@id":"https:\/\/canalagrariolapalma.com\/aula\/curso\/jornada-sobre-el-olivo\/#breadcrumb"},"inLanguage":"es","potentialAction":[{"@type":"ReadAction","target":["https:\/\/canalagrariolapalma.com\/aula\/curso\/jornada-sobre-el-olivo\/"]}]},{"@type":"ImageObject","inLanguage":"es","@id":"https:\/\/canalagrariolapalma.com\/aula\/curso\/jornada-sobre-el-olivo\/#primaryimage","url":"https:\/\/canalagrariolapalma.com\/aula\/wp-content\/uploads\/2024\/12\/Jornadas-sobre-el-Olivo.jpg","contentUrl":"https:\/\/canalagrariolapalma.com\/aula\/wp-content\/uploads\/2024\/12\/Jornadas-sobre-el-Olivo.jpg","width":1222,"height":1740},{"@type":"BreadcrumbList","@id":"https:\/\/canalagrariolapalma.com\/aula\/curso\/jornada-sobre-el-olivo\/#breadcrumb","itemListElement":[{"@type":"ListItem","position":1,"name":"Portada","item":"https:\/\/canalagrariolapalma.com\/aula\/"},{"@type":"ListItem","position":2,"name":"Eventos","item":"https:\/\/canalagrariolapalma.com\/aula\/cursos\/"},{"@type":"ListItem","position":3,"name":"Jornada sobre El Olivo"}]},{"@type":"WebSite","@id":"https:\/\/canalagrariolapalma.com\/aula\/#website","url":"https:\/\/canalagrariolapalma.com\/aula\/","name":"Aula Agraria Cabildo de La Palma","description":"Cursos profesionales homologados. Consejer\u00eda de Agricultura, Ganader\u00eda y Pesca del Cabildo de La Palma","publisher":{"@id":"https:\/\/canalagrariolapalma.com\/aula\/#organization"},"potentialAction":[{"@type":"SearchAction","target":{"@type":"EntryPoint","urlTemplate":"https:\/\/canalagrariolapalma.com\/aula\/?s={search_term_string}"},"query-input":{"@type":"PropertyValueSpecification","valueRequired":true,"valueName":"search_term_string"}}],"inLanguage":"es"},{"@type":"Organization","@id":"https:\/\/canalagrariolapalma.com\/aula\/#organization","name":"Aula Agraria Cabildo de La Palma","url":"https:\/\/canalagrariolapalma.com\/aula\/","logo":{"@type":"ImageObject","inLanguage":"es","@id":"https:\/\/canalagrariolapalma.com\/aula\/#\/schema\/logo\/image\/","url":"https:\/\/canalagrariolapalma.com\/aula\/wp-content\/uploads\/2021\/01\/CABILDO-CONSEJERIA-AGRICULTURA.png","contentUrl":"https:\/\/canalagrariolapalma.com\/aula\/wp-content\/uploads\/2021\/01\/CABILDO-CONSEJERIA-AGRICULTURA.png","width":320,"height":172,"caption":"Aula Agraria Cabildo de La Palma"},"image":{"@id":"https:\/\/canalagrariolapalma.com\/aula\/#\/schema\/logo\/image\/"}}]}},"_links":{"self":[{"href":"https:\/\/canalagrariolapalma.com\/aula\/wp-json\/wp\/v2\/tribe_events\/1359"}],"collection":[{"href":"https:\/\/canalagrariolapalma.com\/aula\/wp-json\/wp\/v2\/tribe_events"}],"about":[{"href":"https:\/\/canalagrariolapalma.com\/aula\/wp-json\/wp\/v2\/types\/tribe_events"}],"author":[{"embeddable":true,"href":"https:\/\/canalagrariolapalma.com\/aula\/wp-json\/wp\/v2\/users\/3"}],"replies":[{"embeddable":true,"href":"https:\/\/canalagrariolapalma.com\/aula\/wp-json\/wp\/v2\/comments?post=1359"}],"version-history":[{"count":6,"href":"https:\/\/canalagrariolapalma.com\/aula\/wp-json\/wp\/v2\/tribe_events\/1359\/revisions"}],"predecessor-version":[{"id":1363,"href":"https:\/\/canalagrariolapalma.com\/aula\/wp-json\/wp\/v2\/tribe_events\/1359\/revisions\/1363"}],"wp:featuredmedia":[{"embeddable":true,"href":"https:\/\/canalagrariolapalma.com\/aula\/wp-json\/wp\/v2\/media\/1360"}],"wp:attachment":[{"href":"https:\/\/canalagrariolapalma.com\/aula\/wp-json\/wp\/v2\/media?parent=1359"}],"wp:term":[{"taxonomy":"post_tag","embeddable":true,"href":"https:\/\/canalagrariolapalma.com\/aula\/wp-json\/wp\/v2\/tags?post=1359"},{"taxonomy":"tribe_events_cat","embeddable":true,"href":"https:\/\/canalagrariolapalma.com\/aula\/wp-json\/wp\/v2\/tribe_events_cat?post=1359"}],"curies":[{"name":"wp","href":"https:\/\/api.w.org\/{rel}","templated":true}]}}

<p>Conoce más sobre el cultivo del olivo en Canarias en una charla informativa que abordará aspectos clave del calendario del olivo y la producción de aceite.</p>
<p><strong>Fecha:</strong> 16 de diciembre de 2024<br />
<strong>Hora:</strong> De 18:00 a 20:30<br />
<strong>Lugar:</strong> Escuela de Capacitación Agraria de Los Llanos de Aridane</p>
<p><strong>Intervienen:</strong></p>
<ul>
<li><strong>Juan Carlos González</strong>
<ul>
<li>Presidente de OLIPALMA</li>
<li>Miembro directivo de ASOLICA</li>
<li>Maestro de almazara</li>
<li>Representante de Todolivo en Canarias</li>
<li>Olivicultor</li>
</ul>
</li>
</ul>
<p><strong>Tanaira Rodríguez</strong></p>
<ul>
<li>Oleotécnica</li>
<li>Maestra de almazara</li>
<li>Miembro directivo de ASOTEN</li>
<li>Catadora</li>
</ul>
<p><strong>Tema a tratar:</strong></p>
<ul>
<li>¿Qué es OLIPALMA?</li>
<li>¿Qué es ASOLICA?</li>
<li>Fincas experimentales</li>
<li>Desarrollo del calendario del cultivo del olivo</li>
</ul>
<p><strong>Actividad especial:</strong></p>
<p>&nbsp;</p>
<p>Cata de aceites monovarietales de Todolivo y multivarietales de OLIPALMA.</p>
<p><strong>PLAZAS LIMITADAS.</strong></p>
<p><strong>Inscripciones:</strong> Realiza tu <strong><a href="https://form.jotform.com/243453568734364" target="_blank" rel="noopener">inscripción</a></strong>.</p>
<p><strong>Colaboran:</strong></p>
<ul>
<li>Excmo. Cabildo Insular de La Palma</li>
<li>Escuela de Capacitación Agraria de Los Llanos de Aridane</li>
</ul>
<p>¡Te esperamos para compartir este espacio de aprendizaje y degustación!</p>
<p>&nbsp;</p>
<p>&nbsp;</p>

<p>Charla informativa que abordará aspectos clave del calendario del olivo y la producción de aceite</p>

<!-- This site is optimized with the Yoast SEO plugin v23.5 - https://yoast.com/wordpress/plugins/seo/ -->
<title>Jornada sobre El Olivo - Aula Agraria Cabildo de La Palma</title>
<meta name="robots" content="index, follow, max-snippet:-1, max-image-preview:large, max-video-preview:-1" />
<link rel="canonical" href="https://canalagrariolapalma.com/aula/curso/jornada-sobre-el-olivo/" />
<meta property="og:locale" content="es_ES" />
<meta property="og:type" content="article" />
<meta property="og:title" content="Jornada sobre El Olivo" />
<meta property="og:description" content="Charla informativa que abordará aspectos clave del calendario del olivo y la producción de aceite" />
<meta property="og:url" content="https://canalagrariolapalma.com/aula/curso/jornada-sobre-el-olivo/" />
<meta property="og:site_name" content="Aula Agraria Cabildo de La Palma" />
<meta property="article:modified_time" content="2024-12-11T14:55:34+00:00" />
<meta property="og:image" content="https://canalagrariolapalma.com/aula/wp-content/uploads/2024/12/Jornadas-sobre-el-Olivo.jpg" />
	<meta property="og:image:width" content="1222" />
	<meta property="og:image:height" content="1740" />
	<meta property="og:image:type" content="image/jpeg" />
<meta name="twitter:card" content="summary_large_image" />
<meta name="twitter:label1" content="Tiempo de lectura" />
	<meta name="twitter:data1" content="1 minuto" />
<script type="application/ld+json" class="yoast-schema-graph">{"@context":"https://schema.org","@graph":[{"@type":"WebPage","@id":"https://canalagrariolapalma.com/aula/curso/jornada-sobre-el-olivo/","url":"https://canalagrariolapalma.com/aula/curso/jornada-sobre-el-olivo/","name":"Jornada sobre El Olivo - Aula Agraria Cabildo de La Palma","isPartOf":{"@id":"https://canalagrariolapalma.com/aula/#website"},"primaryImageOfPage":{"@id":"https://canalagrariolapalma.com/aula/curso/jornada-sobre-el-olivo/#primaryimage"},"image":{"@id":"https://canalagrariolapalma.com/aula/curso/jornada-sobre-el-olivo/#primaryimage"},"thumbnailUrl":"https://canalagrariolapalma.com/aula/wp-content/uploads/2024/12/Jornadas-sobre-el-Olivo.jpg","datePublished":"2024-12-11T12:41:47+00:00","dateModified":"2024-12-11T14:55:34+00:00","breadcrumb":{"@id":"https://canalagrariolapalma.com/aula/curso/jornada-sobre-el-olivo/#breadcrumb"},"inLanguage":"es","potentialAction":[{"@type":"ReadAction","target":["https://canalagrariolapalma.com/aula/curso/jornada-sobre-el-olivo/"]}]},{"@type":"ImageObject","inLanguage":"es","@id":"https://canalagrariolapalma.com/aula/curso/jornada-sobre-el-olivo/#primaryimage","url":"https://canalagrariolapalma.com/aula/wp-content/uploads/2024/12/Jornadas-sobre-el-Olivo.jpg","contentUrl":"https://canalagrariolapalma.com/aula/wp-content/uploads/2024/12/Jornadas-sobre-el-Olivo.jpg","width":1222,"height":1740},{"@type":"BreadcrumbList","@id":"https://canalagrariolapalma.com/aula/curso/jornada-sobre-el-olivo/#breadcrumb","itemListElement":[{"@type":"ListItem","position":1,"name":"Portada","item":"https://canalagrariolapalma.com/aula/"},{"@type":"ListItem","position":2,"name":"Eventos","item":"https://canalagrariolapalma.com/aula/cursos/"},{"@type":"ListItem","position":3,"name":"Jornada sobre El Olivo"}]},{"@type":"WebSite","@id":"https://canalagrariolapalma.com/aula/#website","url":"https://canalagrariolapalma.com/aula/","name":"Aula Agraria Cabildo de La Palma","description":"Cursos profesionales homologados. Consejería de Agricultura, Ganadería y Pesca del Cabildo de La Palma","publisher":{"@id":"https://canalagrariolapalma.com/aula/#organization"},"potentialAction":[{"@type":"SearchAction","target":{"@type":"EntryPoint","urlTemplate":"https://canalagrariolapalma.com/aula/?s={search_term_string}"},"query-input":{"@type":"PropertyValueSpecification","valueRequired":true,"valueName":"search_term_string"}}],"inLanguage":"es"},{"@type":"Organization","@id":"https://canalagrariolapalma.com/aula/#organization","name":"Aula Agraria Cabildo de La Palma","url":"https://canalagrariolapalma.com/aula/","logo":{"@type":"ImageObject","inLanguage":"es","@id":"https://canalagrariolapalma.com/aula/#/schema/logo/image/","url":"https://canalagrariolapalma.com/aula/wp-content/uploads/2021/01/CABILDO-CONSEJERIA-AGRICULTURA.png","contentUrl":"https://canalagrariolapalma.com/aula/wp-content/uploads/2021/01/CABILDO-CONSEJERIA-AGRICULTURA.png","width":320,"height":172,"caption":"Aula Agraria Cabildo de La Palma"},"image":{"@id":"https://canalagrariolapalma.com/aula/#/schema/logo/image/"}}]}</script>
<!-- / Yoast SEO plugin. -->

Charla informativa que abordará aspectos clave del calendario del olivo y la producción de aceite

Cursos profesionales homologados. Consejería de Agricultura, Ganadería y Pesca del Cabildo de La Palma
